 is the greatest common factor of 56 and y?
8
Suppose 961*a = 950*a + 1694. Calculate the greatest common factor of 110 and a.
22
Suppose -4*q = x - 450, -5*q + 414 = x - 10*q. What is the greatest common factor of 28 and x?
14
Suppose -7*t = -13*t + 672. Calculate the greatest common factor of 84 and t.
28
Let s(a) be the second derivative of 5*a**4/3 + a**3/3 + a**2/2 + 10*a. Let f be s(-1). What is the highest common factor of 19 and f?
19
Let b be (14/(-6))/(7/(-84)). Let k = 43 - b. What is the highest common factor of 20 and k?
5
Let h(g) = -521*g + 173. Let o be h(-2). What is the greatest common factor of o and 27?
27
Let s = 3 + 9. Suppose -r = -s - 32. Suppose -41 = -3*b + 4*c, -4*b - 4*c = -c - 38. Calculate the highest common divisor of b and r.
11
Let w(t) = 54*t**2 - 17*t + 95. Let x be w(5). What is the highest common divisor of x and 80?
80
Suppose 5 - 2 = 3*g. Suppose 2*j = m - 1 - g, 3*j = 9. Calculate the highest common factor of 20 and m.
4
Suppose 0 = 496*o - 483*o - 260. Suppose -2*a - 2*i + 20 = 0, 5 = -4*a + 5*i - 0*i. Calculate the greatest common factor of a and o.
5
Let p(v) = v**2 - 11*v - 5. Let b be p(16). Suppose 4*q = -3*z + b, -z = -q - 4*q - 25. Calculate the greatest common divisor of 10 and z.
5
Let m(v) = v**3 - 5*v**2 + 4*v + 98. Let x be m(0). What is the greatest common divisor of 49 and x?
49
Let b(a) = 6*a**2 - 6*a + 10. Let m be b(3). Calculate the greatest common divisor of 552 and m.
46
Suppose 1625 + 3435 = 44*f. What is the greatest common factor of 207 and f?
23
Suppose 13*v - 3*a = 11*v + 164, 4*a - 16 = 0. What is the highest common divisor of 8 and v?
8
Suppose 4*c = 3*n - 96, -4*c = 5*n - 3*c - 137. Calculate the greatest common factor of 1708 and n.
28
Let f be (88/12)/((-1)/(-33)). What is the greatest common divisor of f and 110?
22
Suppose -4*a + 11 - 119 = 0. Let p = 18 - a. Let w be (-1 + 5 + -4 - -1)*9. Calculate the greatest common divisor of p and w.
9
Suppose 0 = -92*i + 88*i + 180. Let l = -26 + i. What is the highest common factor of l and 38?
19
Let i be 144/(-32)*(-52)/3. What is the greatest common factor of 12 and i?
6
Let p = 246 - -19. What is the greatest common factor of p and 10?
5
Let q be (3 - 15*-3)/((-36)/(-48)). What is the greatest common divisor of 2 and q?
2
Let j be 4 + -1 + (-1 - -63). Suppose 0 = -3*z + 3*g + 21, 3*z + j = 8*z + g. Calculate the greatest common factor of 84 and z.
12
Let u(t) = t - 5. Let s be u(5). Suppose s*p - 8 = -2*p. Calculate the greatest common divisor of 68 and p.
4
Suppose -l - 14 = 4*t - 46, 2*t + 44 = 2*l. Calculate the highest common factor of 1 and l.
1
Let i be (-54)/432 + (-7922)/(-16). What is the greatest common divisor of i and 27?
9
Suppose 0 = -5*y + 2*y + 2*c + 72, 3*y = -3*c + 87. What is the highest common factor of y and 78?
26
Suppose 1 = -4*w - 19, 5*w = -5*g + 10. Calculate the highest common factor of g and 21.
7
Let a = -87 - -127. What is the greatest common divisor of a and 24?
8
Suppose -80 = -0*g - 5*g. Let r = g - 14. Suppose -3*h - 95 = -5*w + 2*h, 60 = 3*w - r*h. What is the greatest common factor of w and 22?
22
Suppose 5*f + 38 = 73. Suppose -2*x + x - 2*j + 33 = 0, -4*x + 145 = -5*j. What is the greatest common divisor of x and f?
7
Suppose 13*n = 10*n + 9. Suppose n*i = 20 - 11. Calculate the highest common divisor of i and 4.
1
Let g be ((-14)/6)/((6/(-2))/(-18)). Let o(t) = 2*t**2 + 26*t - 21. Let l be o(g). Calculate the highest common divisor of 21 and l.
7
Suppose 479 - 9 = 47*w. Suppose 7*z - 80 = 3*z. What is the greatest common factor of w and z?
10
Suppose -14*w - 2*w + 816 = 0. What is the highest common divisor of w and 17?
17
Suppose -g + 0 = -48. Suppose 26*s - 18*s - g = 0. Suppose 3*o - 2*c = 136, -2*c + 4*c = 4*o - 184. Calculate the greatest common factor of o and s.
6
Let u(s) = -s**3 + 2*s**3 + 26*s**2 - 4*s + 6 - 24*s**2. Let b be u(-3). What is the highest common factor of b and 72?
9
Suppose 15*w = 28*w - 52. What is the highest common factor of w and 10?
2
Suppose -5*q = n - 27, n - 22 = -3*q - 5. Let a be 324/20 - 180/150. What is the highest common factor of a and q?
5
Suppose 9*l + 1200 = 5*c + 13*l, -720 = -3*c - 3*l. Calculate the greatest common divisor of 16 and c.
16
Suppose -8*f = -5794 + 34. Calculate the highest common divisor of 90 and f.
90
Suppose -v = -49*v + 23664. Calculate the greatest common factor of 17 and v.
17
Let y = -55 + 61. Calculate the greatest common factor of 22 and y.
2
Suppose -3 = 4*n + 4*z + 13, 4*n + z + 4 = 0. Let c(a) = a**2 + a + 17. Let p be c(n). What is the highest common divisor of 34 and p?
17
Let y(o) = 6*o**2 - 5*o + 3. Let b be y(-4). What is the greatest common divisor of b and 21?
7
Suppose 0 = t - 2*t + 5. Suppose 3*q - 17 - 23 = c, -3*c = t*q - 62. Suppose 85 = 4*f + q. What is the greatest common divisor of 36 and f?
18
Let r = 66 + 118. Let y(f) = -f**2 - 4*f + 1. Let x be y(-8). Let w = 54 + x. Calculate the greatest common factor of w and r.
23
Let u = -81 - -370. What is the greatest common divisor of 51 and u?
17
Let s = 10 + -4. Suppose 7 = -y - 4*g, 2*g - 3*g = -2*y - 23. Let o(q) = -q**2 - 18*q - 29. Let a be o(y). What is the highest common divisor of a and s?
6
Let b be 246/14 + 17/((-595)/(-15)). What is the greatest common divisor of b and 222?
6
Suppose 3*b - 2*z - 128 = 0, 16*b + 5*z + 34 = 17*b. What is the greatest common factor of b and 33?
11
Suppose 103 = -3*r - 2*y, -2*r - 3*r - 167 = y. Suppose c = 112 - 21. Let p = c + r. What is the greatest common divisor of 29 and p?
29
Let q(k) = -k**2 - 16*k - 20. Let l be q(-14). Suppose 0 = -l*r + 33 - 1. Calculate the highest common factor of r and 36.
4
Let p be -2 - 24/(-30)*15/2. Suppose p*g - 296 = 5*x - 79, 0 = 4*x + 20. Calculate the greatest common factor of 72 and g.
24
Suppose 38 = 5*k - 2*l, 34 = 3*k - l + 11. Let j(y) = -y**2 - y - 6. Let d be j(-9). Let n = 142 + d. What is the highest common factor of k and n?
8
Let a be (16/2)/(0 - -2). Let z = a + 40. What is the highest common factor of 11 and z?
11
Let j = -43 - -22. Let q be j/2*(-288)/27. Suppose 74 = 5*g - 4*d, d - 69 = -0*g - 5*g. Calculate the highest common factor of g and q.
14
Suppose 2*g + 3*n = 10, 5*g - 23 = 4*n + 25. Calculate the greatest common factor of 10 and g.
2
Let v(h) = -7*h**2 + 5*h + 8. Let j(f) = f**2 + f + 1. Let a(q) = 6*j(q) + v(q). Let i be a(11). Calculate the highest common factor of i and 42.
14
Suppose 12*r = 4*r - 1104. Suppose 0 = -4*u + 3*m + 1234 - 25, 3*u - 913 = m. Let b = r + u. Calculate the greatest common divisor of b and 24.
24
Let v be -10*((-574)/30 - 1/(-3)). Let u = v - 133. Calculate the highest common factor of u and 11.
11
Let n = -908 + 995. Calculate the highest common divisor of 203 and n.
29
Let d = 101 + -40. Suppose 4*y + 3*h = 245, 0*h - d = -y - h. Suppose 10 = -2*k + y. What is the highest common divisor of 52 and k?
26
Let z = 1709 - 1318. Calculate the greatest common factor of z and 69.
23
Let g be 1/(-4 + 55/15) + 81. What is the highest common factor of 858 and g?
78
Let h(g) = -g**3 - 2*g**2 - 2*g + 238. Let t be h(0). Calculate the highest common divisor of t and 28.
14
Let b be ((-13)/(-4) - 1)*28. Suppose 0 = -5*t - y + 4*y + 48, 0 = -4*t - 2*y + 34. What is the greatest common divisor of b and t?
9
Let u = 178 - 125. Suppose 5*x - u - 97 = 0. Suppose b - 4*n = 30, x = b - 0*b - 2*n. What is the greatest common factor of b and 10?
10
Suppose 5*h + 2 = -i - 2, 0 = -3*h. Let l be 3 - (142*2/i - 1). What is the highest common factor of l and 15?
15
Suppose -1134 = -14*q + 98. Calculate the greatest common divisor of 56 and q.
8
Let k(r) = -57*r**3 - 3*r**2 + 14*r + 17. Let p be k(-1). Calculate the greatest common factor of 209 and p.
19
Suppose 3*z - 34 + 5 = -4*t, 3*t = 5*z - 58. Calculate the greatest common divisor of z and 77.
11
Let u(k) = -5*k - 7. Let s be u(-5). Suppose 2*o = o + s. Suppose -66*d + 90 = -65*d. What is the greatest common divisor of d and o?
18
Let z = 9 + -6. Let q be 2/((-2 - (3 - z)) + 3). What is the highest common factor of q and 14?
2
Let q = -50 - -30. Let y = q + 15. Let m be 2/(-6)*3*y. Calculate the greatest common factor of m and 5.
5
Let f(l) = -l**3 - 7*l**2 + 2*l + 2. Let p be f(-5). Let t = p 